the highest common factor of 273 and 53596803?
39
Calculate the highest common divisor of 5747 and 151571.
7
What is the greatest common divisor of 75348 and 201273?
69
What is the greatest common factor of 1415 and 252426095?
1415
Calculate the greatest common factor of 26192360 and 110.
10
What is the greatest common divisor of 480 and 259440?
240
What is the greatest common divisor of 204697950 and 450?
150
Calculate the greatest common factor of 1860 and 527400.
60
What is the greatest common factor of 95795 and 511865?
115
Calculate the highest common divisor of 490 and 699650.
70
What is the greatest common divisor of 280116 and 5344292?
1004
Calculate the highest common divisor of 3586940 and 2380.
140
What is the greatest common factor of 29683110 and 920?
230
What is the greatest common factor of 856832 and 736?
32
What is the highest common factor of 69258168 and 24?
24
What is the highest common factor of 211171 and 8366?
47
What is the highest common factor of 13617849 and 177?
177
Calculate the highest common divisor of 8320089 and 16728.
2091
Calculate the highest common divisor of 85 and 1804159.
17
What is the highest common factor of 197914678 and 76?
38
Calculate the highest common factor of 539970 and 9471.
123
What is the greatest common factor of 1278536 and 43687?
553
What is the greatest common factor of 69633 and 651051?
27
Calculate the highest common divisor of 23945976 and 1593.
1593
Calculate the highest common factor of 38 and 137415942.
38
Calculate the highest common divisor of 2461328775 and 90.
45
What is the greatest common factor of 159610 and 70125?
55
What is the greatest common divisor of 204 and 159374388?
204
What is the highest common factor of 26422042 and 1982?
1982
Calculate the highest common factor of 21 and 631435329.
21
Calculate the highest common divisor of 203 and 65791404.
7
Calculate the greatest common factor of 1012277 and 91.
7
What is the greatest common factor of 7537311 and 474?
237
Calculate the greatest common factor of 4908 and 5129136.
12
What is the greatest common divisor of 29352816 and 16920?
3384
Calculate the greatest common divisor of 5196 and 60492.
12
What is the greatest common factor of 3338074 and 402?
134
What is the highest common factor of 17423 and 8981623?
133
What is the highest common divisor of 52320 and 51808?
32
Calculate the greatest common factor of 22266 and 877599.
9
What is the highest common divisor of 554484 and 29532?
276
What is the greatest common factor of 6386666 and 3344?
22
Calculate the highest common factor of 966 and 62581344.
966
What is the greatest common factor of 3093727 and 364?
91
Calculate the highest common factor of 292 and 4698.
2
Calculate the greatest common divisor of 2280 and 4189785.
285
Calculate the highest common divisor of 16 and 18650428.
4
What is the highest common factor of 6685849 and 79?
79
Calculate the highest common divisor of 243595652 and 6834.
2278
Calculate the greatest common divisor of 465396968 and 19827.
2203
What is the highest common factor of 18353483 and 1?
1
What is the highest common factor of 75 and 2023347?
3
What is the greatest common factor of 1059430 and 8420?
10
Calculate the greatest common divisor of 236 and 132795548.
236
Calculate the greatest common factor of 100 and 177180.
20
Calculate the highest common factor of 195 and 219987.
3
What is the highest common factor of 1493468 and 1508?
4
Calculate the greatest common factor of 24 and 186050412.
12
Calculate the greatest common factor of 9262806 and 21.
21
Calculate the greatest common divisor of 40 and 4126940.
20
Calculate the greatest common factor of 40744 and 317432.
8
What is the highest common divisor of 183141407 and 151?
151
Calculate the greatest common factor of 262817 and 3236488.
2953
What is the highest common divisor of 12988500 and 11676?
84
What is the greatest common factor of 2727080 and 5056?
632
What is the greatest common factor of 77561003 and 7016?
877
What is the greatest common divisor of 262908 and 35577?
603
Calculate the highest common factor of 1512 and 678258.
126
What is the highest common divisor of 91434 and 4998?
294
Calculate the greatest common factor of 1314455 and 6040.
755
What is the highest common factor of 112 and 5694240?
16
Calculate the greatest common factor of 175144327 and 31.
31
What is the greatest common divisor of 74928 and 19553532?
2676
What is the highest common factor of 2401840 and 52640?
560
What is the greatest common factor of 386492274 and 24?
6
What is the greatest common divisor of 8270625 and 1683?
33
What is the greatest common divisor of 77721071 and 69?
23
What is the greatest common factor of 208047645 and 195?
195
What is the highest common factor of 1847998520 and 190?
190
What is the greatest common factor of 160 and 116178320?
80
Calculate the greatest common divisor of 882046 and 1100.
22
What is the greatest common factor of 28762545 and 273?
21
What is the highest common divisor of 44 and 417122?
2
Calculate the highest common divisor of 145 and 6295262.
29
Calculate the greatest common factor of 295 and 5952215.
295
Calculate the greatest common divisor of 324 and 47448.
36
What is the highest common factor of 103491 and 418311?
27
Calculate the highest common divisor of 7008 and 254303968.
2336
What is the greatest common factor of 174980070 and 20?
10
What is the highest common factor of 1920 and 16404744?
24
What is the greatest common factor of 210 and 223770?
30
Calculate the highest common divisor of 15058015 and 5908.
1477
What is the highest common divisor of 49100 and 3677099?
491
What is the greatest common factor of 30616 and 1506058?
178
What is the highest common factor of 6030 and 37252?
134
Calculate the highest common factor of 24233 and 195382.
11
What is the greatest common factor of 66780709 and 3417?
1139
Calculate the greatest common factor of 1234875834 and 18.
18
Calculate the highest common divisor of 3777263 and 2.
1
What is the highest common factor of 160777052 and 2020?
404
Calculate the greatest common factor of 321 and 673437.
3
Calculate the greatest common divisor of 73381539 and 33.
33
What is the greatest common factor of 3654536 and 1121?
19
What is the highest common divisor of 47270 and 23316?
58
What is the greatest common factor of 29 and 606012072?
29
What is the greatest common factor of 48 and 770897844?
12
Calculate the highest common divisor of 2299 and 94734.
19
Calculate the highest common factor of 230725 and 275.
275
Calculate the greatest common divisor of 6302283 and 273.
39
Calculate the greatest common divisor of 613223 and 7267.
559
What is the highest common factor of 54 and 3090474?
54
What is the greatest common divisor of 40829912 and 928?
232
Calculate the highest common divisor of 13035958 and 234.
26
Calculate the greatest common factor of 7500867 and 22.
11
What is the highest common factor of 1647943 and 2035?
407
Calculate the highest common divisor of 7165075 and 5060.
115
What is the greatest common factor of 39670033 and 3147?
1049
What is the highest common factor of 76653801 and 252?
63
What is the greatest common factor of 14868 and 300498800?
1652
Calculate the highest common divisor of 544 and 1133152.
544
Calculate the highest common divisor of 413717 and 62995697.
5827
Calculate the highest common divisor of 31734 and 1276986.
246
Calculate the greatest common factor of 2847 and 53896119.
219
What is the highest common factor of 40335978 and 1498077?
10191
What is the greatest common divisor of 17 and 10307967?
17
Calculate the highest common divisor of 109711 and 1199422.
49
What is the greatest common factor of 387086 and 35116802?
9002
Calculate the greatest common divisor of 559 and 608023.
13
Calculate the highest common divisor of 282 and 485102886.
282
What is the greatest common divisor of 272 and 812048?
16
What is the greatest common divisor of 1590154 and 8?
2
Calculate the greatest common divisor of 589 and 9403726.
31
What is the highest common divisor of 10058 and 1043143?
107
What is the greatest common factor of 1446912 and 761607?
1413
What is the highest common factor of 132 and 15889423?
11
Calculate the greatest common factor of 45 and 16909305.
15
Calculate the grea